the greatest common divisor of 14 and 6915041.
7
Calculate the highest common factor of 9 and 18480618.
9
Calculate the greatest common divisor of 4552333 and 2523.
841
Calculate the greatest common divisor of 7254 and 788138.
26
Calculate the highest common factor of 96811536 and 2869.
2869
Calculate the highest common factor of 25901544 and 2188.
2188
What is the highest common factor of 109715376 and 17264?
1328
Calculate the highest common divisor of 6435 and 47852415.
585
Calculate the greatest common divisor of 2672 and 78998.
2
Calculate the highest common divisor of 23220 and 70170.
30
Calculate the highest common divisor of 668784 and 10608.
48
Calculate the greatest common divisor of 99330 and 43989.
1419
Calculate the greatest common divisor of 1000 and 902640.
40
Calculate the greatest common divisor of 483006 and 29230.
158
What is the highest common factor of 1986688 and 3129632?
5984
What is the highest common divisor of 35557 and 3095494?
37
What is the highest common factor of 98464 and 11376?
16
Calculate the highest common divisor of 930748866 and 138.
138
Calculate the highest common divisor of 164 and 26212817.
41
Calculate the greatest common factor of 446424 and 258951.
627
What is the greatest common divisor of 4476897 and 18?
9
Calculate the greatest common divisor of 1360 and 13834260.
340
What is the greatest common factor of 61388 and 12447460?
596
Calculate the highest common factor of 6521790 and 33990.
330
What is the highest common divisor of 22 and 379788?
2
What is the greatest common factor of 14787 and 59769?
9
Calculate the greatest common divisor of 331089 and 255723.
237
What is the greatest common factor of 80 and 307467760?
80
What is the greatest common factor of 2373 and 58015895?
791
What is the highest common factor of 464841111 and 21?
21
Calculate the greatest common divisor of 9 and 362426517.
9
Calculate the greatest common divisor of 3509 and 3908671591.
3509
Calculate the highest common divisor of 11584224 and 469452.
6612
What is the greatest common divisor of 2168 and 249117834?
542
Calculate the highest common divisor of 120 and 875273520.
120
What is the highest common factor of 625421 and 2488?
311
Calculate the greatest common factor of 8762284 and 2196.
244
Calculate the highest common factor of 72 and 12034314.
18
What is the highest common factor of 1600998 and 3962?
14
Calculate the greatest common factor of 168668 and 95360.
596
Calculate the highest common divisor of 36626840 and 671.
61
Calculate the highest common factor of 127639820 and 1540.
1540
Calculate the highest common divisor of 645726 and 186.
6
What is the greatest common factor of 500787 and 14994?
63
Calculate the highest common factor of 7425 and 14457960.
1485
What is the greatest common divisor of 17575502 and 14?
14
Calculate the greatest common factor of 1690 and 323765130.
1690
Calculate the greatest common factor of 15919588 and 230.
46
Calculate the greatest common factor of 57224308 and 464.
116
Calculate the highest common divisor of 5 and 253461310.
5
What is the highest common divisor of 3071730 and 12750?
510
What is the highest common factor of 9769752 and 4524?
348
Calculate the highest common factor of 172448 and 13600.
544
What is the greatest common factor of 73688 and 364967?
151
Calculate the highest common divisor of 1729 and 7127204.
133
Calculate the greatest common factor of 272112 and 2856.
24
What is the highest common divisor of 127646812 and 136?
68
Calculate the highest common factor of 4240 and 472240.
80
What is the greatest common factor of 167935 and 4245?
5
What is the highest common factor of 1840 and 175999680?
1840
Calculate the greatest common divisor of 3220 and 1213480.
460
Calculate the highest common divisor of 5122851 and 3.
3
What is the highest common divisor of 246 and 10982055?
123
What is the highest common divisor of 14 and 113764000?
14
Calculate the greatest common divisor of 714 and 87177.
3
Calculate the highest common factor of 220955604 and 1572.
1572
Calculate the greatest common factor of 54242 and 183224.
74
Calculate the greatest common factor of 170 and 31485700.
170
What is the greatest common factor of 17014 and 3026424?
94
What is the highest common factor of 101666732 and 16864?
2108
What is the greatest common divisor of 3756410 and 350?
70
What is the greatest common divisor of 18159 and 129286027?
6053
Calculate the highest common divisor of 13728 and 223977.
39
What is the greatest common divisor of 77987 and 5796?
7
Calculate the highest common divisor of 2070578695 and 7405.
7405
What is the greatest common divisor of 2 and 69762054?
2
What is the greatest common divisor of 2522988 and 1057212?
4212
What is the greatest common factor of 7182439 and 121?
121
What is the highest common factor of 4338 and 158634?
18
Calculate the greatest common divisor of 337664 and 14509.
1319
Calculate the highest common factor of 88060 and 5584780.
740
Calculate the greatest common divisor of 2765 and 36578185.
2765
What is the highest common divisor of 1333 and 150691?
31
Calculate the highest common divisor of 8930602 and 6.
2
Calculate the greatest common divisor of 2045605137 and 3.
3
Calculate the highest common factor of 12749812 and 1432.
716
Calculate the highest common divisor of 184644 and 39123.
207
What is the greatest common divisor of 3374565 and 15120?
15
Calculate the greatest common divisor of 41738105 and 1015.
145
Calculate the greatest common divisor of 100 and 14102825.
25
Calculate the greatest common divisor of 32111199 and 3102.
141
Calculate the greatest common divisor of 458210 and 10.
10
Calculate the greatest common factor of 23571 and 183789.
81
Calculate the highest common divisor of 234 and 2035007.
13
Calculate the highest common factor of 48300 and 27876.
276
What is the highest common divisor of 6 and 10477850?
2
What is the highest common divisor of 2359324 and 16082?
946
What is the highest common factor of 576840 and 73480?
440
Calculate the greatest common factor of 117118 and 12555.
31
What is the greatest common divisor of 15472631 and 812?
29
What is the highest common divisor of 404 and 259556062?
202
Calculate the highest common factor of 52279335 and 16983.
5661
What is the greatest common divisor of 75693 and 244329?
69
Calculate the greatest common divisor of 36 and 12652713.
9
What is the highest common divisor of 1425408 and 783696?
1392
What is the highest common factor of 158 and 22425967?
79
Calculate the greatest common factor of 320841 and 180.
9
Calculate the highest common divisor of 594 and 22381920.
594
What is the highest common factor of 2478750 and 30000?
3750
What is the greatest common factor of 251190 and 10170?
90
What is the greatest common factor of 1143103 and 1027?
13
Calculate the highest common divisor of 30 and 11344870.
10
Calculate the greatest common divisor of 13651 and 665159.
187
Calculate the highest common factor of 33 and 1207887.
3
Calculate the greatest common factor of 8577 and 4241803.
953
Calculate the highest common divisor of 5252429 and 252.
7
Calculate the highest common divisor of 263738 and 1326.
34
Calculate the highest common factor of 10233248 and 551.
19
Calculate the highest common factor of 100 and 4667175.
25
Calculate the highest common factor of 800 and 72497075.
25
What is the greatest common factor of 1855 and 68667860?
265
Calculate the greatest common divisor of 282780584 and 368.
184
Calculate the highest common divisor of 60 and 43771365.
15
What is the highest common divisor of 374760 and 23706693?
3123
Calculate the greatest common divisor of 2187455947 and 4847.
4847
Calculate the highest common divisor of 798 and 13157466.
42
What is the greatest common divisor of 466 and 780386?
2
What is the highest common factor of 3202684639 and 3773?
3773
Calculate the highest common factor of 2826 and 55892.
314
What is the greatest common divisor of 25390798 and 62?
62
What is the highest common factor of 91671135 and 9090?
1515
What is the greatest common factor of 50 and 37522690?
10
What is the highest common divisor of 39193 and 92609496?
3563
Calculate the greatest common divisor of 102 and 1485545.
17
Calculate the highest common divisor of 774 and 992311